
Calculate the remainder when 877 is divided by 68.
61
Calculate the remainder when 294 is divided by 9.
6
Calculate the remainder when 2475 is divided by 6.
3
What is the remainder when 4851 is divided by 4?
3
Calculate the remainder when 1460 is divided by 17.
15
What is the remainder when 396 is divided by 185?
26
Calculate the remainder when 73 is divided by 31.
11
What is the remainder when 201 is divided by 16?
9
What is the remainder when 222 is divided by 117?
105
Calculate the remainder when 5 is divided by 1.
0
Calculate the remainder when 81 is divided by 1.
0
What is the remainder when 141 is divided by 11?
9
Calculate the remainder when 1593 is divided by 51.
12
What is the remainder when 825 is divided by 69?
66
Calculate the remainder when 42 is divided by 22.
20
What is the remainder when 398 is divided by 15?
8
Calculate the remainder when 704 is divided by 141.
140
Calculate the remainder when 2687 is divided by 96.
95
Calculate the remainder when 7389 is divided by 10.
9
What is the remainder when 323 is divided by 110?
103
Calculate the remainder when 818 is divided by 3.
2
What is the remainder when 1176 is divided by 568?
40
What is the remainder when 239 is divided by 48?
47
What is the remainder when 128 is divided by 35?
23
What is the remainder when 8636 is divided by 14?
12
What is the remainder when 443 is divided by 37?
36
What is the remainder when 300 is divided by 39?
27
What is the remainder when 1003 is divided by 126?
121
Calculate the remainder when 222 is divided by 39.
27
Calculate the remainder when 383 is divided by 32.
31
Calculate the remainder when 4472 is divided by 54.
44
What is the remainder when 7397 is divided by 18?
17
Calculate the remainder when 1644 is divided by 4.
0
What is the remainder when 1265 is divided by 41?
35
Calculate the remainder when 1402 is divided by 276.
22
What is the remainder when 130 is divided by 69?
61
Calculate the remainder when 131 is divided by 42.
5
What is the remainder when 697 is divided by 70?
67
Calculate the remainder when 146 is divided by 27.
11
Calculate the remainder when 4636 is divided by 4622.
14
What is the remainder when 6896 is divided by 121?
120
What is the remainder when 21 is divided by 6?
3
What is the remainder when 1580 is divided by 113?
111
Calculate the remainder when 229 is divided by 5.
4
What is the remainder when 1927 is divided by 609?
100
What is the remainder when 702 is divided by 134?
32
Calculate the remainder when 259 is divided by 4.
3
Calculate the remainder when 691 is divided by 58.
53
Calculate the remainder when 129 is divided by 2.
1
Calculate the remainder when 2731 is divided by 5.
1
What is the remainder when 1032 is divided by 47?
45
Calculate the remainder when 276 is divided by 56.
52
What is the remainder when 3536 is divided by 30?
26
What is the remainder when 3253 is divided by 8?
5
Calculate the remainder when 703 is divided by 100.
3
What is the remainder when 371 is divided by 212?
159
Calculate the remainder when 1697 is divided by 25.
22
Calculate the remainder when 149 is divided by 109.
40
What is the remainder when 191 is divided by 95?
1
What is the remainder when 22097 is divided by 13?
10
What is the remainder when 128 is divided by 98?
30
What is the remainder when 311 is divided by 13?
12
What is the remainder when 176 is divided by 163?
13
What is the remainder when 510 is divided by 168?
6
What is the remainder when 390 is divided by 8?
6
What is the remainder when 350 is divided by 90?
80
What is the remainder when 9590 is divided by 35?
0
What is the remainder when 1495 is divided by 30?
25
What is the remainder when 32 is divided by 24?
8
Calculate the remainder when 194 is divided by 9.
5
What is the remainder when 10081 is divided by 53?
11
Calculate the remainder when 160 is divided by 17.
7
What is the remainder when 616 is divided by 15?
1
What is the remainder when 91 is divided by 23?
22
What is the remainder when 5181 is divided by 96?
93
Calculate the remainder when 1147 is divided by 10.
7
Calculate the remainder when 4926 is divided by 88.
86
Calculate the remainder when 2301 is divided by 24.
21
Calculate the remainder when 3535 is divided by 52.
51
Calculate the remainder when 51 is divided by 13.
12
What is the remainder when 184 is divided by 11?
8
Calculate the remainder when 241 is divided by 122.
119
Calculate the remainder when 134 is divided by 104.
30
Calculate the remainder when 3247 is divided by 249.
10
Calculate the remainder when 471 is divided by 59.
58
Calculate the remainder when 5012 is divided by 218.
216
What is the remainder when 53 is divided by 14?
11
What is the remainder when 1174 is divided by 480?
214
What is the remainder when 461 is divided by 404?
57
What is the remainder when 317 is divided by 8?
5
What is the remainder when 908 is divided by 284?
56
What is the remainder when 183 is divided by 161?
22
Calculate the remainder when 361 is divided by 15.
1
What is the remainder when 4228 is divided by 422?
8
What is the remainder when 452 is divided by 111?
8
Calculate the remainder when 3765 is divided by 8.
5
Calculate the remainder when 537 is divided by 7.
5
Calculate the remainder when 1079 is divided by 114.
53
What is the remainder when 986 is divided by 30?
26
What is the remainder when 99 is divided by 35?
29
What is the remainder when 5599 is divided by 175?
174
Calculate the remainder when 1823 is divided by 600.
23
Calculate the remainder when 250 is divided by 84.
82
Calculate the remainder when 30 is divided by 9.
3
What is the remainder when 206 is divided by 107?
99
Calculate the remainder when 1076 is divided by 4.
0
What is the remainder when 1885 is divided by 531?
292
What is the remainder when 1388 is divided by 99?
2
Calculate the remainder when 345 is divided by 107.
24
Calculate the remainder when 6092 is divided by 4.
0
Calculate the remainder when 641 is divided by 28.
25
What is the remainder when 104 is divided by 21?
20
What is the remainder when 236 is divided by 15?
11
Calculate the remainder when 9596 is divided by 343.
335
What is the remainder when 231 is divided by 44?
11
Calculate the remainder when 117 is divided by 40.
37
What is the remainder when 8050 is divided by 44?
42
Calculate the remainder when 492 is divided by 296.
196
What is the remainder when 36 is divided by 19?
17
What is the remainder when 231 is divided by 79?
73
What is the remainder when 328 is divided by 27?
4
What is the remainder when 459 is divided by 93?
87
What is the remainder when 211 is divided by 54?
49
What is the remainder when 258 is divided by 59?
22
Calculate the remainder when 460 is divided by 3.
1
What is the remainder when 578 is divided by 6?
2
What is the remainder when 808 is divided by 45?
43
What is the remainder when 135 is divided by 8?
7
What is the remainder when 284 is divided by 234?
50
What is the remainder when 4810 is divided by 2401?
8
Calculate the remainder when 30 is divided by 7.
2
What is the remainder when 688 is divided by 24?
16
Calculate the remainder when 357 is divided by 90.
87
What is the remainder when 174 is divided by 19?
3
Calculate the remainder when 10265 is divided by 26.
21
What is the remainder when 553 is divided by 89?
19
What is the remainder when 14413 is divided by 31?
29
What is the remainder when 38 is divided by 8?
6
What is the remainder when 1058 is divided by 89?
79
What is the remainder when 198 is divided by 50?
48
What is the remainder when 34 is divided by 20?
14
Calculate the remainder when 195 is divided by 44.
19
What is the remainder when 526 is divided by 14?
8
What is the remainder when 793 is divided by 114?
109
What is the remainder when 1 is divided by 1?
0
What is the remainder when 726 is divided by 212?
90
Calculate the remainder when 129 is divided by 49.
31
What is the remainder when 184 is divided by 17?
14
Calculate the remainder when 244 is divided by 19.
16
Calculate the remainder when 3646 is divided by 12.
10
Calculate the remainder when 154 is divided by 26.
24
Calculate the remainder when 98 is divided by 33.
32
What is the remainder when 354 is divided by 93?
75
Calculate the remainder when 1437 is divided by 80.
77
Calculate the remainder when 587 